s of p(i)?
11
Let g = 1461 - 1456. Let h(s) = 5*s**3 - 8*s**2 + 19 - 4*s**3 + s**3. List the prime factors of h(g).
3, 23
Suppose 337*c - 335*c = -2. What are the prime factors of (-134)/(-1) + (2 - c)?
137
Let g(y) be the first derivative of -14*y - 31 + 5*y**2 + 5*y**2 - 39*y + 5. List the prime factors of g(7).
3, 29
Let z = -14567 - -17036. What are the prime factors of z?
3, 823
Let q(s) be the second derivative of -31*s**3/6 - 33*s**2 - 9*s + 3. List the prime factors of q(-11).
5, 11
Let g = -100 - -103. Suppose 0 = -g*p - 4*q + 13, -p + 4*q = -0*p + 1. Suppose 4*x = p*s - 564, 2*x + 95 = 3*s - 475. List the prime factors of s.
2, 3
Let u = -13171 + 23222. What are the prime factors of u?
19, 23
Let r = 858 + 65. Suppose 4*f - 221 = 4*c + r, 574 = -2*c + f. What are the prime factors of ((-10)/6)/(4/c)?
2, 3, 5
Let s(u) = -132*u + 548. Let o(f) = -19*f + 78. Let a(c) = -40*o(c) + 6*s(c). What are the prime factors of a(-18)?
2, 3, 31
Let a = -36489 + 57273. List the prime factors of a.
2, 3, 433
Let q be 8 + (1 + 6 - -3666). Suppose -8*x = -17*x + q. What are the prime factors of x?
409
Let k(f) = 5*f**2 + 4*f - 11. Let a(y) = -32 + 9*y - 6*y - 4*y - y. Let z be a(-18). What are the prime factors of k(z)?
5, 17
Suppose 14*l = 7*l + 14. Suppose -l*z + 18 = -4*v, 5*z - 28 = v - 10. Suppose n + n - 389 = 3*y, 0 = -y - z. What are the prime factors of n?
2, 5, 19
List the prime factors of 1754*(-476)/(-32) - 129/(-516).
3, 13, 223
Let p(f) = -f**3 + 49*f**2 - 50*f + 2216. What are the prime factors of p(35)?
2, 3, 367
Let n(r) = 4*r**2 - 27*r - 8. Let t(h) = -h**2 + h + 1. Let c = 26 - 27. Let u(s) = c*n(s) - 3*t(s). List the prime factors of u(10).
5, 29
Suppose -5*a - 20 = 5*y, -2*y + 6*y + 5*a = -20. Let d be (-2 - -18)/(1/(-1) - y). Let n = d + 24. List the prime factors of n.
2
Let x(l) = 3*l + 62. Let y(d) be the third derivative of 5*d**4/24 - 43*d**3/6 - 13*d**2. Let q be y(11). What are the prime factors of x(q)?
2, 7
Let i(g) = g**3 - g**2 - 75. Let d be i(0). Suppose -4*r - 358 = -0*t + 3*t, 0 = 2*t + 5*r + 248. Let z = d - t. List the prime factors of z.
3, 13
Let o(y) = -y**3 + 9*y**2 - 11*y - 15. Let g be o(7). Suppose 14*a + 1400 = g*a. Let l = a + 380. What are the prime factors of l?
5, 41
Suppose -23*o = 52*o - 3753656 - 1005244. List the prime factors of o.
2, 29, 547
Suppose -4*b - 391 = i, i - 4*i - 1205 = -4*b. Let v be 6/(-33) - i/77. Suppose -v - 157 = -2*k. List the prime factors of k.
3
Suppose 0 = -2*h - 319 + 111. Let q be 58*((-3)/(-6))/((-2)/12). Let b = h - q. List the prime factors of b.
2, 5, 7
List the prime factors of (218100/14 - 2) + 309/721.
37, 421
Let m(w) = 2*w**3 - 21*w**2 + 12*w. Let s be m(10). What are the prime factors of s/(-3)*1125/(-30)?
2, 5
List the prime factors of (1427 + -13)*36/2*(-1)/(-2).
2, 3, 7, 101
Suppose 0 = 19*p - 7*p - 12. Let m be (1/p - -2)*-5. What are the prime factors of (21/2)/(3/(-420)*m)?
2, 7
Let i be (4/6)/(5/(-15)*-1). Suppose -3*b + 2*k + 21 = -0*b, i*b - 7 = -k. Suppose -3*h - 351 = -b*s + 173, -12 = 4*h. List the prime factors of s.
103
Let x(h) = -61*h + 3009. List the prime factors of x(-112).
13, 757
Suppose b = -2*l + 100834, l + 38*b = 34*b + 50431. List the prime factors of l.
3, 5, 3361
Suppose 0*l = -4*l + 2*p + 39060, -5*p = 3*l - 29282. List the prime factors of l.
2, 2441
Suppose -2*k + 17*k = 58551 + 42474. What are the prime factors of k?
3, 5, 449
Let y = 51 - 31. Suppose 0 = -6*n - 604 - y. List the prime factors of (-1)/(210/n + 2).
2, 13
What are the prime factors of 9 + 115/(-13) - (-662855)/13?
50989
Suppose 54*p - 35289 = 4023. List the prime factors of p.
2, 7, 13
Let y(q) = 1961*q - 4543. List the prime factors of y(33).
2, 5, 11, 547
Let t be 9/((1/(-3) - 2) + 2). Suppose -85 = -f - 17. Let g = f + t. What are the prime factors of g?
41
Let v be (-515)/(-45) - (2 + 56/(-36)). Suppose -49*x + v*x + 48678 = 0. What are the prime factors of x?
3, 7, 61
Let y(o) = 5*o - 108. Let a be y(22). Let i = 43 + -38. Suppose 6*l - 1140 = a*l + 2*j, -3*j + 1414 = i*l. List the prime factors of l.
2, 71
Let r be 9/54 - (-874)/12. Let m(i) = -72*i**2 + 0 - 10 - i + r*i**2. List the prime factors of m(6).
2, 5
Let g = 523 - 439. What are the prime factors of (816/g)/(6/231)?
2, 11, 17
Suppose -3*w = 12*w - 30. Suppose 0 = w*z + 13*z - 3750. List the prime factors of z.
2, 5
Suppose -i + i = i. Suppose -5*g + 970 = -4*d, g - d + i*d = 195. What are the prime factors of g?
2, 5, 19
Suppose 3692511 = 188*c + 119*c - 17891. List the prime factors of c.
2, 6043
Suppose -59*h + 44*h + 142645 = -33200. List the prime factors of h.
19, 617
List the prime factors of 3*119949/9 + (-9 - 15/(-3)).
39979
What are the prime factors of -10*(42/(-77) - 184887/990)?
1873
Suppose 28*h = 25*h + 90. Suppose -c = -5*p - 20, -3*p + 3*c - 6*c = h. What are the prime factors of 5430/25 + 1/(1*p)?
7, 31
Let z be (-1)/(-4)*2*(-761 + 83). List the prime factors of z/5*60/(-4).
3, 113
Let q = 3368 + 8837. List the prime factors of q.
5, 2441
Suppose -2*g - 5*b + 3*b - 10 = 0, 0 = 5*g - 3*b - 7. Let m be (-2)/3*(-15 - -18). List the prime factors of (m/7 - 1240/(-28)) + g.
43
Suppose -69889 = -30*q + 91508 - 38457. List the prime factors of q.
2, 3, 683
Let d = -8605 + 28377. List the prime factors of d.
2, 4943
Let a(s) = -92*s - 22. Let c(u) = 9*u - 216. Let q be c(23). List the prime factors of a(q).
2, 13, 31
Let h = 16805 - 8438. What are the prime factors of h?
3, 2789
Suppose -5*o = -3*u - 11 - 3, -5*u = -4*o + 6. Let t(y) = 7*y + o - 3 + 8*y + 10*y. What are the prime factors of t(2)?
3, 17
Let h = 15992 - 10881. What are the prime factors of h?
19, 269
Let z = 340 + -172. Let n = -54 + z. Let r = n - 32. What are the prime factors of r?
2, 41
Let k(l) = 10*l - 6. Let f be k(2). Suppose f*o - 72 = 5*o. Suppose -11*c = -o*c - 219. List the prime factors of c.
73
Suppose -9*k = -7*k + 26. Let j be (-481 - (-1 - -2))*k/(-26). Let w = j + 372. What are the prime factors of w?
131
Let g be 6/(-8) - (-124)/16. Suppose 0 = 19*i - 21*i + 756. What are the prime factors of (((-36)/g)/3)/((-12)/i)?
2, 3
Suppose 0 = 22*a - 21*a - v - 656, 0 = 3*a + 2*v - 1973. Suppose -r + a + 518 = 0. List the prime factors of r.
5, 47
Suppose -t - 3*u = t + 1, 4*t = -3*u + 7. Suppose t*g + 4*o = 1992, 0 = -14*o + 15*o - 3. List the prime factors of g.
3, 5, 11
Let y(d) = d**3 + 15*d**2 + 4*d + 58. Let p be y(-15). What are the prime factors of (p - (-15)/3) + (1107 - -5)?
5, 223
Suppose -r + 3055 = 2*c, -c - 167 = 2*r - 1687. Let y = c - 825. What are the prime factors of y?
3, 5, 47
Suppose 8*g + 4*g = g. Suppose g = -18*b + 16*b + 30. What are the prime factors of b?
3, 5
Suppose -390*v - 395*v = -754*v - 2542403. List the prime factors of v.
82013
Let o(j) = -j**3 - 10*j**2 - 14*j + 16. Let f be o(-8). Suppose 20*x - 9*x - 22 = f. Suppose -y = x*y - 186. List the prime factors of y.
2, 31
Suppose -3*l + 60921 = l - 3*c, -2*c = 4*l - 60906. Suppose 0 = -0*o - 36*o + l. List the prime factors of o.
3, 47
Let l be ((-8)/20)/(5/(-25)). Suppose l*b - 1282 = -3*q + 475, 4*q - 2316 = 4*b. What are the prime factors of q?
11, 53
Let q(m) = -8*m**3 - 3*m**2 - 3*m - 1. Let x be q(-1). Suppose -2027 = -x*z + 255. What are the prime factors of z?
2, 163
Let a(o) = 520*o**3 + o**2 - o - 1. Let j be a(-1). Let f = -353 - j. What are the prime factors of f?
2, 83
Let o(l) = 2*l**2 - 15*l - 50. Let f be o(-3). Suppose -f*x + 3798 = -4*x. List the prime factors of x.
2, 211
Let p = 9 - 33. Let i = p - -65. What are the prime factors of i?
41
Suppose 1032*d = 1034*d - 780. Suppose 0*z - z = t - 384, z + 3*t - d = 0. What are the prime factors of z?
3, 127
Suppose 10*f + 5688 = 5*n + 14*f, 5*n - 5694 = -2*f. Let s = n - 702. List the prime factors of s.
2, 3, 73
List the prime factors of (17/((-102)/(-5132)))/((-4)/(-6)).
1283
List the prime factors of 2/13 - (-196)/(-91) - 1682290/(-29).
2, 3, 2417
Let x be 0*(-3)/6 - -278. Let p(g) = -20*g - 50. Let l be p(5). Let w = x + l. List the prime factors of w.
2
Suppose -4*z + 282 + 354 = 0. Let m = z + 38. What are the prime factors of m?
197
Suppose -2978 - 2072 = -2*w. Suppose -2*f = -3*f + 1, 0 = 5*y + 5*f - w. Suppose 5*d - 41 = y. List the prime factors of d.
109
